{"id":9268,"date":"2021-06-07T09:57:39","date_gmt":"2021-06-07T07:57:39","guid":{"rendered":"https:\/\/v31.es\/booksonline\/?post_type=product&#038;p=9268"},"modified":"2022-03-28T12:38:27","modified_gmt":"2022-03-28T10:38:27","slug":"el-muneco-que-hace-reir","status":"publish","type":"product","link":"https:\/\/v31.es\/booksonline\/producto\/el-muneco-que-hace-reir\/","title":{"rendered":"El Mu\u00f1eco que Hace Re\u00edr"},"content":{"rendered":"<p><b>El mu\u00f1eco<\/b> de sonrisa grande necesita encontrar un lugar propio en su mundo pero sus largos y torpes dedos le restan habilidad.\u00a0<b>El se\u00f1or Pocoloco<\/b>, su creador, ni siquiera lo mete en el malet\u00edn y \u00e9l se entristece porque desea jugar con los ni\u00f1os m\u00e1s que otra cosa. Con<b>\u00a0sus mejores amigos<\/b>, los duendes Luna Llena y Mi\u00e9rcoles, comparte \u00a0venturas y risas, pero no entiende por qu\u00e9 no es capaz de conseguir lo que tanto desea. <b>Hasta que un d\u00eda\u2026<\/b>\u00a0el Hada del Arroyo Cantar\u00edn le motiva a descubrirse \u00fanico y diferente\u2026\u00a0a construir su personalidad disfrutando siempre del juego\u00a0y sin dejar de\u00a0<b>so\u00f1ar<\/b>\u00a0nunca.<\/p>\n","protected":false},"excerpt":{"rendered":"<p>El mu\u00f1eco de sonrisa grande necesita encontrar un lugar propio en su mundo pero sus largos y torpes dedos le restan habilidad.\u00a0El se\u00f1or Pocoloco, su creador, ni siquiera lo mete en el malet\u00edn y \u00e9l se entristece porque desea jugar con los ni\u00f1os m\u00e1s que otra cosa. Con\u00a0sus mejores amigos, los duendes Luna Llena y [&hellip;]<\/p>\n","protected":false},"featured_media":10097,"comment_status":"open","ping_status":"closed","template":"","meta":{"_et_pb_use_builder":"","_et_pb_old_content":"","_et_gb_content_width":""},"product_brand":[],"product_cat":[302,312],"product_tag":[313,305,314],"class_list":{"0":"post-9268","1":"product","2":"type-product","3":"status-publish","4":"has-post-thumbnail","6":"product_cat-cosquillas-editorial","7":"product_cat-f-j-porquet","8":"product_tag-anabel-juste","9":"product_tag-cosquillas-editorial","10":"product_tag-f-j-porquet","11":"product_shipping_class-envio-estandar","13":"first","14":"instock","15":"taxable","16":"shipping-taxable","17":"purchasable","18":"product-type-simple"},"_links":{"self":[{"href":"https:\/\/v31.es\/booksonline\/wp-json\/wp\/v2\/product\/9268","targetHints":{"allow":["GET"]}}],"collection":[{"href":"https:\/\/v31.es\/booksonline\/wp-json\/wp\/v2\/product"}],"about":[{"href":"https:\/\/v31.es\/booksonline\/wp-json\/wp\/v2\/types\/product"}],"replies":[{"embeddable":true,"href":"https:\/\/v31.es\/booksonline\/wp-json\/wp\/v2\/comments?post=9268"}],"wp:featuredmedia":[{"embeddable":true,"href":"https:\/\/v31.es\/booksonline\/wp-json\/wp\/v2\/media\/10097"}],"wp:attachment":[{"href":"https:\/\/v31.es\/booksonline\/wp-json\/wp\/v2\/media?parent=9268"}],"wp:term":[{"taxonomy":"product_brand","embeddable":true,"href":"https:\/\/v31.es\/booksonline\/wp-json\/wp\/v2\/product_brand?post=9268"},{"taxonomy":"product_cat","embeddable":true,"href":"https:\/\/v31.es\/booksonline\/wp-json\/wp\/v2\/product_cat?post=9268"},{"taxonomy":"product_tag","embeddable":true,"href":"https:\/\/v31.es\/booksonline\/wp-json\/wp\/v2\/product_tag?post=9268"}],"curies":[{"name":"wp","href":"https:\/\/api.w.org\/{rel}","templated":true}]}}

El Muñeco que Hace Reír

<p><b>El muñeco</b> de sonrisa grande necesita encontrar un lugar propio en su mundo pero sus largos y torpes dedos le restan habilidad. <b>El señor Pocoloco</b>, su creador, ni siquiera lo mete en el maletín y él se entristece porque desea jugar con los niños más que otra cosa. Con<b> sus mejores amigos</b>, los duendes Luna Llena y Miércoles, comparte  venturas y risas, pero no entiende por qué no es capaz de conseguir lo que tanto desea. <b>Hasta que un día…</b> el Hada del Arroyo Cantarín le motiva a descubrirse único y diferente… a construir su personalidad disfrutando siempre del juego y sin dejar de <b>soñar</b> nunca.</p>

<p>El muñeco de sonrisa grande necesita encontrar un lugar propio en su mundo pero sus largos y torpes dedos le restan habilidad. El señor Pocoloco, su creador, ni siquiera lo mete en el maletín y él se entristece porque desea jugar con los niños más que otra cosa. Con sus mejores amigos, los duendes Luna Llena y [&hellip;]</p>
