{"id":9274,"date":"2021-06-07T10:18:54","date_gmt":"2021-06-07T08:18:54","guid":{"rendered":"https:\/\/v31.es\/booksonline\/?post_type=product&#038;p=9274"},"modified":"2022-03-28T12:34:55","modified_gmt":"2022-03-28T10:34:55","slug":"el-origen-del-universo","status":"publish","type":"product","link":"https:\/\/v31.es\/booksonline\/producto\/el-origen-del-universo\/","title":{"rendered":"El Origen del Universo"},"content":{"rendered":"<p><strong>In\u00e9s<\/strong>\u00a0y\u00a0<strong>Guill\u00e9n<\/strong> viv\u00edan en una casita de cart\u00f3n que ellos mismos hab\u00edan construido. Con alegres colores cubr\u00edan todo lo que estaba a su alcance, pero el resto\u2026 el exterior, estaba siempre oscuro. Una ma\u00f1ana In\u00e9s le propuso a Guill\u00e9n una idea: ser\u00edan muy peque\u00f1os para iluminar y colorear ellos solos todo el inmenso cielo pero\u2026 \u00a1S\u00ed que lo intentar\u00edan en su peque\u00f1o jard\u00edn!<\/p>\n","protected":false},"excerpt":{"rendered":"<p>In\u00e9s\u00a0y\u00a0Guill\u00e9n viv\u00edan en una casita de cart\u00f3n que ellos mismos hab\u00edan construido. Con alegres colores cubr\u00edan todo lo que estaba a su alcance, pero el resto\u2026 el exterior, estaba siempre oscuro. Una ma\u00f1ana In\u00e9s le propuso a Guill\u00e9n una idea: ser\u00edan muy peque\u00f1os para iluminar y colorear ellos solos todo el inmenso cielo pero\u2026 \u00a1S\u00ed [&hellip;]<\/p>\n","protected":false},"featured_media":10081,"comment_status":"open","ping_status":"closed","template":"","meta":{"_et_pb_use_builder":"","_et_pb_old_content":"","_et_gb_content_width":""},"product_brand":[],"product_cat":[302,322,320,321],"product_tag":[305,325,323,324],"class_list":{"0":"post-9274","1":"product","2":"type-product","3":"status-publish","4":"has-post-thumbnail","6":"product_cat-cosquillas-editorial","7":"product_cat-francesca-quatraro","8":"product_cat-juan-galve","9":"product_cat-lourdes-alcalde","10":"product_tag-cosquillas-editorial","11":"product_tag-francesca-quatraro","12":"product_tag-juan-galve","13":"product_tag-lourdes-alcalde","14":"product_shipping_class-envio-estandar","16":"first","17":"instock","18":"taxable","19":"shipping-taxable","20":"purchasable","21":"product-type-simple"},"_links":{"self":[{"href":"https:\/\/v31.es\/booksonline\/wp-json\/wp\/v2\/product\/9274","targetHints":{"allow":["GET"]}}],"collection":[{"href":"https:\/\/v31.es\/booksonline\/wp-json\/wp\/v2\/product"}],"about":[{"href":"https:\/\/v31.es\/booksonline\/wp-json\/wp\/v2\/types\/product"}],"replies":[{"embeddable":true,"href":"https:\/\/v31.es\/booksonline\/wp-json\/wp\/v2\/comments?post=9274"}],"wp:featuredmedia":[{"embeddable":true,"href":"https:\/\/v31.es\/booksonline\/wp-json\/wp\/v2\/media\/10081"}],"wp:attachment":[{"href":"https:\/\/v31.es\/booksonline\/wp-json\/wp\/v2\/media?parent=9274"}],"wp:term":[{"taxonomy":"product_brand","embeddable":true,"href":"https:\/\/v31.es\/booksonline\/wp-json\/wp\/v2\/product_brand?post=9274"},{"taxonomy":"product_cat","embeddable":true,"href":"https:\/\/v31.es\/booksonline\/wp-json\/wp\/v2\/product_cat?post=9274"},{"taxonomy":"product_tag","embeddable":true,"href":"https:\/\/v31.es\/booksonline\/wp-json\/wp\/v2\/product_tag?post=9274"}],"curies":[{"name":"wp","href":"https:\/\/api.w.org\/{rel}","templated":true}]}}

<p><strong>Inés</strong> y <strong>Guillén</strong> vivían en una casita de cartón que ellos mismos habían construido. Con alegres colores cubrían todo lo que estaba a su alcance, pero el resto… el exterior, estaba siempre oscuro. Una mañana Inés le propuso a Guillén una idea: serían muy pequeños para iluminar y colorear ellos solos todo el inmenso cielo pero… ¡Sí que lo intentarían en su pequeño jardín!</p>

<p>Inés y Guillén vivían en una casita de cartón que ellos mismos habían construido. Con alegres colores cubrían todo lo que estaba a su alcance, pero el resto… el exterior, estaba siempre oscuro. Una mañana Inés le propuso a Guillén una idea: serían muy pequeños para iluminar y colorear ellos solos todo el inmenso cielo pero… ¡Sí [&hellip;]</p>
