{"id":9283,"date":"2021-06-10T09:40:20","date_gmt":"2021-06-10T07:40:20","guid":{"rendered":"https:\/\/v31.es\/booksonline\/?post_type=product&#038;p=9283"},"modified":"2022-03-28T12:40:01","modified_gmt":"2022-03-28T10:40:01","slug":"una-para-dos","status":"publish","type":"product","link":"https:\/\/v31.es\/booksonline\/producto\/una-para-dos\/","title":{"rendered":"Uno para Dos"},"content":{"rendered":"<div>A\u00a0<strong>Wenda-val<\/strong>\u00a0y\u00a0<strong>Chirimiri<\/strong>\u00a0les han regalado un molinillo de colores. Las dos amigas pasan un d\u00eda incre\u00edble con su nuevo juguete, pero cuando anochece y llega la hora de volver a casa, ambas quieren llev\u00e1rselo y\u2026\u00a0<strong>\u00a1Crac!<\/strong> El molinillo se rompe. \u201cUno para dos\u201d es una bonita historia sobre la amistad, la generosidad y el valor de compartir.<\/div>\n<p><img loading=\"lazy\" decoding=\"async\" class=\"aligncenter\" src=\"http:\/\/ir-es.amazon-adsystem.com\/e\/ir?t=bauldecursos-21&amp;l=as2&amp;o=30&amp;a=8494324462\" alt=\"\" width=\"1\" height=\"1\" border=\"0\" \/><\/p>\n","protected":false},"excerpt":{"rendered":"<p>A\u00a0Wenda-val\u00a0y\u00a0Chirimiri\u00a0les han regalado un molinillo de colores. Las dos amigas pasan un d\u00eda incre\u00edble con su nuevo juguete, pero cuando anochece y llega la hora de volver a casa, ambas quieren llev\u00e1rselo y\u2026\u00a0\u00a1Crac! El molinillo se rompe. \u201cUno para dos\u201d es una bonita historia sobre la amistad, la generosidad y el valor de compartir.<\/p>\n","protected":false},"featured_media":10152,"comment_status":"open","ping_status":"closed","template":"","meta":{"_et_pb_use_builder":"","_et_pb_old_content":"","_et_gb_content_width":""},"product_brand":[],"product_cat":[331,302,330],"product_tag":[333,305,332],"class_list":{"0":"post-9283","1":"product","2":"type-product","3":"status-publish","4":"has-post-thumbnail","6":"product_cat-carmen-queralt","7":"product_cat-cosquillas-editorial","8":"product_cat-susanna-isern","9":"product_tag-carmen-queralt","10":"product_tag-cosquillas-editorial","11":"product_tag-susanna-isern","12":"product_shipping_class-envio-estandar","14":"first","15":"instock","16":"taxable","17":"shipping-taxable","18":"purchasable","19":"product-type-simple"},"_links":{"self":[{"href":"https:\/\/v31.es\/booksonline\/wp-json\/wp\/v2\/product\/9283","targetHints":{"allow":["GET"]}}],"collection":[{"href":"https:\/\/v31.es\/booksonline\/wp-json\/wp\/v2\/product"}],"about":[{"href":"https:\/\/v31.es\/booksonline\/wp-json\/wp\/v2\/types\/product"}],"replies":[{"embeddable":true,"href":"https:\/\/v31.es\/booksonline\/wp-json\/wp\/v2\/comments?post=9283"}],"wp:featuredmedia":[{"embeddable":true,"href":"https:\/\/v31.es\/booksonline\/wp-json\/wp\/v2\/media\/10152"}],"wp:attachment":[{"href":"https:\/\/v31.es\/booksonline\/wp-json\/wp\/v2\/media?parent=9283"}],"wp:term":[{"taxonomy":"product_brand","embeddable":true,"href":"https:\/\/v31.es\/booksonline\/wp-json\/wp\/v2\/product_brand?post=9283"},{"taxonomy":"product_cat","embeddable":true,"href":"https:\/\/v31.es\/booksonline\/wp-json\/wp\/v2\/product_cat?post=9283"},{"taxonomy":"product_tag","embeddable":true,"href":"https:\/\/v31.es\/booksonline\/wp-json\/wp\/v2\/product_tag?post=9283"}],"curies":[{"name":"wp","href":"https:\/\/api.w.org\/{rel}","templated":true}]}}