{"id":9768,"date":"2021-11-12T12:06:32","date_gmt":"2021-11-12T11:06:32","guid":{"rendered":"https:\/\/v31.es\/booksonline\/?post_type=product&#038;p=9768"},"modified":"2022-04-04T11:18:16","modified_gmt":"2022-04-04T09:18:16","slug":"belentuela-frases-de-madres","status":"publish","type":"product","link":"https:\/\/v31.es\/booksonline\/producto\/belentuela-frases-de-madres\/","title":{"rendered":"Belentuela, Frases de madres"},"content":{"rendered":"<p>\u00bfQui\u00e9n no ha o\u00eddo alguna vez \u00ab\u00a1Calla y come!\u00bb o \u00abCuando venga tu padre te vas a enterar\u2026\u00bb Esas Frases de nuestras madres. Frases que han pasado de generaci\u00f3n en generaci\u00f3n.<br \/>\nQue las oyeron nuestras madres. Las o\u00edmos nosotros. Las oyen nuestros hijos y ser\u00e1 el d\u00eda a d\u00eda de nuestros nietos. \u00a1Ven aqu\u00ed! 1, 2 y\u2026? Yo nunca o\u00ed el 3! O a la pregunta: \u00bfD\u00f3nde tengo las zapatillas mam\u00e1?- \u00a1En la canastica el pan!. As\u00ed, todo seguido\u2026\u00f3- \u00a1c\u00f3mo vaya yo y lo encuentre\u2026!o aquello de -Preguntale a tu padre. A mi me encantaba cuando mi madre me dec\u00eda: -\u00a1Es la primera vez que me siento en todo el d\u00eda!. O \u00bfPero t\u00fa te crees que soy el banco de Espa\u00f1a?. Soy Belentuela Belentuelilla. Me gusta contar y cantar cuentos. Y tambi\u00e9n me gusta dibujarlos. Aqu\u00ed vamos a ver todas esas frases y curiosidades de la mano del hada de Belentuela. Buscando Sonrisas. Porque madre solo hay una.<\/p>\n<p>&nbsp;<\/p>\n","protected":false},"excerpt":{"rendered":"<p>\u00bfQui\u00e9n no ha o\u00eddo alguna vez \u00ab\u00a1Calla y come!\u00bb o \u00abCuando venga tu padre te vas a enterar\u2026\u00bb Esas Frases de nuestras madres. Frases que han pasado de generaci\u00f3n en generaci\u00f3n. Que las oyeron nuestras madres. Las o\u00edmos nosotros. Las oyen nuestros hijos y ser\u00e1 el d\u00eda a d\u00eda de nuestros nietos. \u00a1Ven aqu\u00ed! 1, [&hellip;]<\/p>\n","protected":false},"featured_media":10180,"comment_status":"open","ping_status":"closed","template":"","meta":{"_et_pb_use_builder":"","_et_pb_old_content":"","_et_gb_content_width":""},"product_brand":[],"product_cat":[257,258],"product_tag":[250],"class_list":{"0":"post-9768","1":"product","2":"type-product","3":"status-publish","4":"has-post-thumbnail","6":"product_cat-belen-castel","7":"product_cat-divertimento-musica-itinerante","8":"product_tag-infantil","9":"product_shipping_class-envio-estandar","11":"first","12":"instock","13":"taxable","14":"shipping-taxable","15":"purchasable","16":"product-type-simple"},"_links":{"self":[{"href":"https:\/\/v31.es\/booksonline\/wp-json\/wp\/v2\/product\/9768","targetHints":{"allow":["GET"]}}],"collection":[{"href":"https:\/\/v31.es\/booksonline\/wp-json\/wp\/v2\/product"}],"about":[{"href":"https:\/\/v31.es\/booksonline\/wp-json\/wp\/v2\/types\/product"}],"replies":[{"embeddable":true,"href":"https:\/\/v31.es\/booksonline\/wp-json\/wp\/v2\/comments?post=9768"}],"wp:featuredmedia":[{"embeddable":true,"href":"https:\/\/v31.es\/booksonline\/wp-json\/wp\/v2\/media\/10180"}],"wp:attachment":[{"href":"https:\/\/v31.es\/booksonline\/wp-json\/wp\/v2\/media?parent=9768"}],"wp:term":[{"taxonomy":"product_brand","embeddable":true,"href":"https:\/\/v31.es\/booksonline\/wp-json\/wp\/v2\/product_brand?post=9768"},{"taxonomy":"product_cat","embeddable":true,"href":"https:\/\/v31.es\/booksonline\/wp-json\/wp\/v2\/product_cat?post=9768"},{"taxonomy":"product_tag","embeddable":true,"href":"https:\/\/v31.es\/booksonline\/wp-json\/wp\/v2\/product_tag?post=9768"}],"curies":[{"name":"wp","href":"https:\/\/api.w.org\/{rel}","templated":true}]}}