{"id":9922,"date":"2022-01-04T10:32:54","date_gmt":"2022-01-04T09:32:54","guid":{"rendered":"https:\/\/v31.es\/booksonline\/?post_type=product&#038;p=9922"},"modified":"2022-03-28T12:00:26","modified_gmt":"2022-03-28T10:00:26","slug":"nueva-descripcion-del-principado","status":"publish","type":"product","link":"https:\/\/v31.es\/booksonline\/producto\/nueva-descripcion-del-principado\/","title":{"rendered":"Nueva descripci\u00f3n del principado&#8230;"},"content":{"rendered":"<p>Repaso a las principales caracter\u00edsticas y singularidades del pa\u00eds, dirigidas especialmente a los que poco o nada conocen de Andorra. quien quiera profundizar en cualquier tema que apena se esbozan tiene a su disposici\u00f3n una ampl\u00edsima bibliograf\u00eda, que aqu\u00ed ha sido utilizada con reverencia, pero tambi\u00e9n con cierta contenci\u00f3n.<\/p>\n","protected":false},"excerpt":{"rendered":"<p>Repaso a las principales caracter\u00edsticas y singularidades del pa\u00eds, dirigidas especialmente a los que poco o nada conocen de Andorra. quien quiera profundizar en cualquier tema que apena se esbozan tiene a su disposici\u00f3n una ampl\u00edsima bibliograf\u00eda, que aqu\u00ed ha sido utilizada con reverencia, pero tambi\u00e9n con cierta contenci\u00f3n.<\/p>\n","protected":false},"featured_media":10138,"comment_status":"open","ping_status":"closed","template":"","meta":{"_et_pb_use_builder":"off","_et_pb_old_content":"\u201cNada es lo que parece, nada parece lo que es\u201d\r\n\r\n[learn_more caption=\"leer m\u00e1s\"]Nos pasamos la mayor parte de nuestra existencia sumidos en una profunda oscuridad, y no somos conscientes de que con un simple gesto, podemos pulsar el interruptor que llenar\u00eda nuestra vida de luz y felicidad. Pocas son las personas capaces de ver que malgastando nuestro tiempo en esa pelea constante con nosotros mismos y con los dem\u00e1s nunca llegaremos a encontrar lo que realmente buscamos, el amor. El amor llegar\u00e1 a ti si le abres la puerta, o al menos una ventana. El amor no es perfecto, pero es lo \u00fanico por lo que merece la pena sufrir, y sobre todo vivir.[\/learn_more]","_et_gb_content_width":""},"product_brand":[],"product_cat":[263,350],"product_tag":[266],"class_list":{"0":"post-9922","1":"product","2":"type-product","3":"status-publish","4":"has-post-thumbnail","6":"product_cat-andorrana","7":"product_cat-kiosco-de-libros","8":"product_tag-historia","9":"product_shipping_class-envio-estandar","11":"first","12":"instock","13":"taxable","14":"shipping-taxable","15":"purchasable","16":"product-type-simple"},"_links":{"self":[{"href":"https:\/\/v31.es\/booksonline\/wp-json\/wp\/v2\/product\/9922","targetHints":{"allow":["GET"]}}],"collection":[{"href":"https:\/\/v31.es\/booksonline\/wp-json\/wp\/v2\/product"}],"about":[{"href":"https:\/\/v31.es\/booksonline\/wp-json\/wp\/v2\/types\/product"}],"replies":[{"embeddable":true,"href":"https:\/\/v31.es\/booksonline\/wp-json\/wp\/v2\/comments?post=9922"}],"wp:featuredmedia":[{"embeddable":true,"href":"https:\/\/v31.es\/booksonline\/wp-json\/wp\/v2\/media\/10138"}],"wp:attachment":[{"href":"https:\/\/v31.es\/booksonline\/wp-json\/wp\/v2\/media?parent=9922"}],"wp:term":[{"taxonomy":"product_brand","embeddable":true,"href":"https:\/\/v31.es\/booksonline\/wp-json\/wp\/v2\/product_brand?post=9922"},{"taxonomy":"product_cat","embeddable":true,"href":"https:\/\/v31.es\/booksonline\/wp-json\/wp\/v2\/product_cat?post=9922"},{"taxonomy":"product_tag","embeddable":true,"href":"https:\/\/v31.es\/booksonline\/wp-json\/wp\/v2\/product_tag?post=9922"}],"curies":[{"name":"wp","href":"https:\/\/api.w.org\/{rel}","templated":true}]}}